{"id":265,"date":"2016-11-20T17:37:52","date_gmt":"2016-11-20T17:37:52","guid":{"rendered":"https:\/\/raratheme.com\/preview\/spa-and-salon-pro\/?page_id=265"},"modified":"2021-03-21T18:23:13","modified_gmt":"2021-03-21T18:23:13","slug":"about-us","status":"publish","type":"page","link":"https:\/\/ban-thaimassage-stuttgart.de\/index.php\/about-us\/","title":{"rendered":"\u00dcber uns"},"content":{"rendered":"<h2>Herzlich willkommen<\/h2>\n<h4>bei Ban Thai Massage Ihrer thail\u00e4ndischen Wellness-Oase Mitten im Herzen von Stuttgart.<\/h4>\n<p><b>BAN<\/b>&nbsp;<b>Thai<\/b>&nbsp;ist thail\u00e4ndisch und bedeutet \u201e<strong>Thail\u00e4ndisches Haus<\/strong>\u201c. Durch unser in&nbsp;<b>Stuttgart<\/b>&nbsp;einmaliges Ambiente, dass wir f\u00fcr Sie mit antiken thail\u00e4ndischen Dekorationselementen geschaffen haben, k\u00f6nnen Sie Ihren hektischen Alltag hinter sich lassen und bei uns neue Energien tanken. Wir bieten Ihnen traditionelle thail\u00e4ndische Massagen, \u00d6l-Massagen, Kr\u00e4uterstempel-, Hot-Stone- sowie R\u00fccken- und Schulter und Fu\u00dfreflexzonen-Massagen an.<\/p>\n<p>Alle Massagen sind auch als Partner-Massagen oder als Party-Massagen (mehrere Personen) m\u00f6glich.<br>\nThai Massage ist keine Erotik-Massage!<\/p>\n<p>Entfliehen Sie dem Alltag und entspannen Sie sich in unseren R\u00e4umen bei traditionelle Massagen um Ihr ganzheitliches Wohlbefinden zu steigern.<br>\nRufen Sie uns an und vereinbaren Sie einen Termin.<\/p>\n<p>Wir freuen uns auf Ihren Besuch.<br>\nIhr&nbsp;<b>BAN THAI MASSAGE<\/b>-Team.<\/p>\n\n\n<hr class=\"wp-block-separator\"\/>\n\n\n\n<h2 class=\"wp-block-heading\">Update M\u00e4rz 2021: Wir haben wieder ge\u00f6ffnet<\/h2>\n\n\n\n<p>K\u00f6rpernahe Dienstleistungen sind ab dem 08 M\u00e4rz wieder unter folgenden Bedingungen erlaubt:<br>\u2022 W\u00e4hrend der gesamten Dienstleistung m\u00fcssen alle Beteiligten eine medizinische Maske tragen<br>\u2022 Momentan nur mit Terminierung und ohne Begleitpersonen<br>\u2022 Terminvereinbarung bitte unter 0711-50464851 oder 0176-31217288 oder ein Anfrage per Mail an info@ban-thaimassage-stuttgart.de<br>\u2022 Bitte haben Sie Verst\u00e4ndnis, dass wir keine Getr\u00e4nke anbieten d\u00fcrfen<br>\u2022 Bitte p\u00fcnktlich zum Termin erscheinen<\/p>\n","protected":false},"excerpt":{"rendered":"<p>Herzlich willkommen bei Ban Thai Massage Ihrer thail\u00e4ndischen Wellness-Oase Mitten im Herzen von Stuttgart. BAN&nbsp;Thai&nbsp;ist thail\u00e4ndisch und bedeutet \u201eThail\u00e4ndisches Haus\u201c. Durch unser in&nbsp;Stuttgart&nbsp;einmaliges Ambiente, dass wir f\u00fcr Sie mit antiken thail\u00e4ndischen Dekorationselementen geschaffen haben, k\u00f6nnen Sie Ihren hektischen Alltag hinter sich lassen und bei uns neue Energien tanken. Wir bieten Ihnen traditionelle thail\u00e4ndische Massagen, \u00d6l-Massagen, &hellip; <\/p>\n","protected":false},"author":1,"featured_media":519,"parent":0,"menu_order":22,"comment_status":"closed","ping_status":"closed","template":"","meta":{"footnotes":""},"class_list":["post-265","page","type-page","status-publish","has-post-thumbnail","hentry","latest_post"],"yoast_head":"<!-- This site is optimized with the Yoast SEO plugin v27.4 - https:\/\/yoast.com\/product\/yoast-seo-wordpress\/ -->\n<title>\u00dcber uns - Ban Thai - Massage Stuttgart<\/title>\n<meta name=\"robots\" content=\"index, follow, max-snippet:-1, max-image-preview:large, max-video-preview:-1\" \/>\n<link rel=\"canonical\" href=\"https:\/\/ban-thaimassage-stuttgart.de\/index.php\/about-us\/\" \/>\n<meta property=\"og:locale\" content=\"de_DE\" \/>\n<meta property=\"og:type\" content=\"article\" \/>\n<meta property=\"og:title\" content=\"\u00dcber uns - Ban Thai - Massage Stuttgart\" \/>\n<meta property=\"og:description\" content=\"Herzlich willkommen bei Ban Thai Massage Ihrer thail\u00e4ndischen Wellness-Oase Mitten im Herzen von Stuttgart. BAN&nbsp;Thai&nbsp;ist thail\u00e4ndisch und bedeutet \u201eThail\u00e4ndisches Haus\u201c. Durch unser in&nbsp;Stuttgart&nbsp;einmaliges Ambiente, dass wir f\u00fcr Sie mit antiken thail\u00e4ndischen Dekorationselementen geschaffen haben, k\u00f6nnen Sie Ihren hektischen Alltag hinter sich lassen und bei uns neue Energien tanken. Wir bieten Ihnen traditionelle thail\u00e4ndische Massagen, \u00d6l-Massagen, &hellip;\" \/>\n<meta property=\"og:url\" content=\"https:\/\/ban-thaimassage-stuttgart.de\/index.php\/about-us\/\" \/>\n<meta property=\"og:site_name\" content=\"Ban Thai - Massage Stuttgart\" \/>\n<meta property=\"article:modified_time\" content=\"2021-03-21T18:23:13+00:00\" \/>\n<meta property=\"og:image\" content=\"https:\/\/ban-thaimassage-stuttgart.de\/wp-content\/uploads\/2021\/03\/imageONLINE3.jpg\" \/>\n\t<meta property=\"og:image:width\" content=\"1750\" \/>\n\t<meta property=\"og:image:height\" content=\"1168\" \/>\n\t<meta property=\"og:image:type\" content=\"image\/jpeg\" \/>\n<meta name=\"twitter:card\" content=\"summary_large_image\" \/>\n<meta name=\"twitter:label1\" content=\"Gesch\u00e4tzte Lesezeit\" \/>\n\t<meta name=\"twitter:data1\" content=\"1\u00a0Minute\" \/>\n<script type=\"application\/ld+json\" class=\"yoast-schema-graph\">{\"@context\":\"https:\\\/\\\/schema.org\",\"@graph\":[{\"@type\":\"WebPage\",\"@id\":\"https:\\\/\\\/ban-thaimassage-stuttgart.de\\\/index.php\\\/about-us\\\/\",\"url\":\"https:\\\/\\\/ban-thaimassage-stuttgart.de\\\/index.php\\\/about-us\\\/\",\"name\":\"\u00dcber uns - Ban Thai - Massage Stuttgart\",\"isPartOf\":{\"@id\":\"https:\\\/\\\/ban-thaimassage-stuttgart.de\\\/#website\"},\"primaryImageOfPage\":{\"@id\":\"https:\\\/\\\/ban-thaimassage-stuttgart.de\\\/index.php\\\/about-us\\\/#primaryimage\"},\"image\":{\"@id\":\"https:\\\/\\\/ban-thaimassage-stuttgart.de\\\/index.php\\\/about-us\\\/#primaryimage\"},\"thumbnailUrl\":\"https:\\\/\\\/ban-thaimassage-stuttgart.de\\\/wp-content\\\/uploads\\\/2021\\\/03\\\/imageONLINE3.jpg\",\"datePublished\":\"2016-11-20T17:37:52+00:00\",\"dateModified\":\"2021-03-21T18:23:13+00:00\",\"breadcrumb\":{\"@id\":\"https:\\\/\\\/ban-thaimassage-stuttgart.de\\\/index.php\\\/about-us\\\/#breadcrumb\"},\"inLanguage\":\"de\",\"potentialAction\":[{\"@type\":\"ReadAction\",\"target\":[\"https:\\\/\\\/ban-thaimassage-stuttgart.de\\\/index.php\\\/about-us\\\/\"]}]},{\"@type\":\"ImageObject\",\"inLanguage\":\"de\",\"@id\":\"https:\\\/\\\/ban-thaimassage-stuttgart.de\\\/index.php\\\/about-us\\\/#primaryimage\",\"url\":\"https:\\\/\\\/ban-thaimassage-stuttgart.de\\\/wp-content\\\/uploads\\\/2021\\\/03\\\/imageONLINE3.jpg\",\"contentUrl\":\"https:\\\/\\\/ban-thaimassage-stuttgart.de\\\/wp-content\\\/uploads\\\/2021\\\/03\\\/imageONLINE3.jpg\",\"width\":1750,\"height\":1168,\"caption\":\"Thai Spa treatment and massage with lotus flower Thailand. Healthy Concept\"},{\"@type\":\"BreadcrumbList\",\"@id\":\"https:\\\/\\\/ban-thaimassage-stuttgart.de\\\/index.php\\\/about-us\\\/#breadcrumb\",\"itemListElement\":[{\"@type\":\"ListItem\",\"position\":1,\"name\":\"Startseite\",\"item\":\"https:\\\/\\\/ban-thaimassage-stuttgart.de\\\/\"},{\"@type\":\"ListItem\",\"position\":2,\"name\":\"\u00dcber uns\"}]},{\"@type\":\"WebSite\",\"@id\":\"https:\\\/\\\/ban-thaimassage-stuttgart.de\\\/#website\",\"url\":\"https:\\\/\\\/ban-thaimassage-stuttgart.de\\\/\",\"name\":\"Ban Thai - Massage Stuttgart\",\"description\":\"\",\"publisher\":{\"@id\":\"https:\\\/\\\/ban-thaimassage-stuttgart.de\\\/#organization\"},\"potentialAction\":[{\"@type\":\"SearchAction\",\"target\":{\"@type\":\"EntryPoint\",\"urlTemplate\":\"https:\\\/\\\/ban-thaimassage-stuttgart.de\\\/?s={search_term_string}\"},\"query-input\":{\"@type\":\"PropertyValueSpecification\",\"valueRequired\":true,\"valueName\":\"search_term_string\"}}],\"inLanguage\":\"de\"},{\"@type\":\"Organization\",\"@id\":\"https:\\\/\\\/ban-thaimassage-stuttgart.de\\\/#organization\",\"name\":\"Ban Thai - Massage Stuttgart\",\"url\":\"https:\\\/\\\/ban-thaimassage-stuttgart.de\\\/\",\"logo\":{\"@type\":\"ImageObject\",\"inLanguage\":\"de\",\"@id\":\"https:\\\/\\\/ban-thaimassage-stuttgart.de\\\/#\\\/schema\\\/logo\\\/image\\\/\",\"url\":\"https:\\\/\\\/ban-thaimassage-stuttgart.de\\\/wp-content\\\/uploads\\\/2025\\\/04\\\/cropped-Ban-Thai-Logo.png\",\"contentUrl\":\"https:\\\/\\\/ban-thaimassage-stuttgart.de\\\/wp-content\\\/uploads\\\/2025\\\/04\\\/cropped-Ban-Thai-Logo.png\",\"width\":1272,\"height\":626,\"caption\":\"Ban Thai - Massage Stuttgart\"},\"image\":{\"@id\":\"https:\\\/\\\/ban-thaimassage-stuttgart.de\\\/#\\\/schema\\\/logo\\\/image\\\/\"}}]}<\/script>\n<!-- \/ Yoast SEO plugin. -->","yoast_head_json":{"title":"\u00dcber uns - Ban Thai - Massage Stuttgart","robots":{"index":"index","follow":"follow","max-snippet":"max-snippet:-1","max-image-preview":"max-image-preview:large","max-video-preview":"max-video-preview:-1"},"canonical":"https:\/\/ban-thaimassage-stuttgart.de\/index.php\/about-us\/","og_locale":"de_DE","og_type":"article","og_title":"\u00dcber uns - Ban Thai - Massage Stuttgart","og_description":"Herzlich willkommen bei Ban Thai Massage Ihrer thail\u00e4ndischen Wellness-Oase Mitten im Herzen von Stuttgart. BAN&nbsp;Thai&nbsp;ist thail\u00e4ndisch und bedeutet \u201eThail\u00e4ndisches Haus\u201c. Durch unser in&nbsp;Stuttgart&nbsp;einmaliges Ambiente, dass wir f\u00fcr Sie mit antiken thail\u00e4ndischen Dekorationselementen geschaffen haben, k\u00f6nnen Sie Ihren hektischen Alltag hinter sich lassen und bei uns neue Energien tanken. Wir bieten Ihnen traditionelle thail\u00e4ndische Massagen, \u00d6l-Massagen, &hellip;","og_url":"https:\/\/ban-thaimassage-stuttgart.de\/index.php\/about-us\/","og_site_name":"Ban Thai - Massage Stuttgart","article_modified_time":"2021-03-21T18:23:13+00:00","og_image":[{"width":1750,"height":1168,"url":"https:\/\/ban-thaimassage-stuttgart.de\/wp-content\/uploads\/2021\/03\/imageONLINE3.jpg","type":"image\/jpeg"}],"twitter_card":"summary_large_image","twitter_misc":{"Gesch\u00e4tzte Lesezeit":"1\u00a0Minute"},"schema":{"@context":"https:\/\/schema.org","@graph":[{"@type":"WebPage","@id":"https:\/\/ban-thaimassage-stuttgart.de\/index.php\/about-us\/","url":"https:\/\/ban-thaimassage-stuttgart.de\/index.php\/about-us\/","name":"\u00dcber uns - Ban Thai - Massage Stuttgart","isPartOf":{"@id":"https:\/\/ban-thaimassage-stuttgart.de\/#website"},"primaryImageOfPage":{"@id":"https:\/\/ban-thaimassage-stuttgart.de\/index.php\/about-us\/#primaryimage"},"image":{"@id":"https:\/\/ban-thaimassage-stuttgart.de\/index.php\/about-us\/#primaryimage"},"thumbnailUrl":"https:\/\/ban-thaimassage-stuttgart.de\/wp-content\/uploads\/2021\/03\/imageONLINE3.jpg","datePublished":"2016-11-20T17:37:52+00:00","dateModified":"2021-03-21T18:23:13+00:00","breadcrumb":{"@id":"https:\/\/ban-thaimassage-stuttgart.de\/index.php\/about-us\/#breadcrumb"},"inLanguage":"de","potentialAction":[{"@type":"ReadAction","target":["https:\/\/ban-thaimassage-stuttgart.de\/index.php\/about-us\/"]}]},{"@type":"ImageObject","inLanguage":"de","@id":"https:\/\/ban-thaimassage-stuttgart.de\/index.php\/about-us\/#primaryimage","url":"https:\/\/ban-thaimassage-stuttgart.de\/wp-content\/uploads\/2021\/03\/imageONLINE3.jpg","contentUrl":"https:\/\/ban-thaimassage-stuttgart.de\/wp-content\/uploads\/2021\/03\/imageONLINE3.jpg","width":1750,"height":1168,"caption":"Thai Spa treatment and massage with lotus flower Thailand. Healthy Concept"},{"@type":"BreadcrumbList","@id":"https:\/\/ban-thaimassage-stuttgart.de\/index.php\/about-us\/#breadcrumb","itemListElement":[{"@type":"ListItem","position":1,"name":"Startseite","item":"https:\/\/ban-thaimassage-stuttgart.de\/"},{"@type":"ListItem","position":2,"name":"\u00dcber uns"}]},{"@type":"WebSite","@id":"https:\/\/ban-thaimassage-stuttgart.de\/#website","url":"https:\/\/ban-thaimassage-stuttgart.de\/","name":"Ban Thai - Massage Stuttgart","description":"","publisher":{"@id":"https:\/\/ban-thaimassage-stuttgart.de\/#organization"},"potentialAction":[{"@type":"SearchAction","target":{"@type":"EntryPoint","urlTemplate":"https:\/\/ban-thaimassage-stuttgart.de\/?s={search_term_string}"},"query-input":{"@type":"PropertyValueSpecification","valueRequired":true,"valueName":"search_term_string"}}],"inLanguage":"de"},{"@type":"Organization","@id":"https:\/\/ban-thaimassage-stuttgart.de\/#organization","name":"Ban Thai - Massage Stuttgart","url":"https:\/\/ban-thaimassage-stuttgart.de\/","logo":{"@type":"ImageObject","inLanguage":"de","@id":"https:\/\/ban-thaimassage-stuttgart.de\/#\/schema\/logo\/image\/","url":"https:\/\/ban-thaimassage-stuttgart.de\/wp-content\/uploads\/2025\/04\/cropped-Ban-Thai-Logo.png","contentUrl":"https:\/\/ban-thaimassage-stuttgart.de\/wp-content\/uploads\/2025\/04\/cropped-Ban-Thai-Logo.png","width":1272,"height":626,"caption":"Ban Thai - Massage Stuttgart"},"image":{"@id":"https:\/\/ban-thaimassage-stuttgart.de\/#\/schema\/logo\/image\/"}}]}},"_links":{"self":[{"href":"https:\/\/ban-thaimassage-stuttgart.de\/index.php\/wp-json\/wp\/v2\/pages\/265","targetHints":{"allow":["GET"]}}],"collection":[{"href":"https:\/\/ban-thaimassage-stuttgart.de\/index.php\/wp-json\/wp\/v2\/pages"}],"about":[{"href":"https:\/\/ban-thaimassage-stuttgart.de\/index.php\/wp-json\/wp\/v2\/types\/page"}],"author":[{"embeddable":true,"href":"https:\/\/ban-thaimassage-stuttgart.de\/index.php\/wp-json\/wp\/v2\/users\/1"}],"replies":[{"embeddable":true,"href":"https:\/\/ban-thaimassage-stuttgart.de\/index.php\/wp-json\/wp\/v2\/comments?post=265"}],"version-history":[{"count":3,"href":"https:\/\/ban-thaimassage-stuttgart.de\/index.php\/wp-json\/wp\/v2\/pages\/265\/revisions"}],"predecessor-version":[{"id":585,"href":"https:\/\/ban-thaimassage-stuttgart.de\/index.php\/wp-json\/wp\/v2\/pages\/265\/revisions\/585"}],"wp:featuredmedia":[{"embeddable":true,"href":"https:\/\/ban-thaimassage-stuttgart.de\/index.php\/wp-json\/wp\/v2\/media\/519"}],"wp:attachment":[{"href":"https:\/\/ban-thaimassage-stuttgart.de\/index.php\/wp-json\/wp\/v2\/media?parent=265"}],"curies":[{"name":"wp","href":"https:\/\/api.w.org\/{rel}","templated":true}]}}